 greatest common divisor of 30 and u.
10
Suppose 9*p - 12*p = -66. Let y be (-5)/(64/p + -3) + 1. What is the highest common divisor of 16 and y?
8
Suppose 4*m = -2*j + 22, 20 + 5 = 3*j - 2*m. What is the highest common factor of 33 and j?
3
Let k = -10 + 12. Let m be (-15)/(-2)*(-108)/(-45). Calculate the highest common divisor of m and k.
2
Let u(x) = 2*x**3 + 50*x**2 - 2*x - 50. Let a be u(-22). What is the greatest common factor of 14 and a?
14
Let b = 216 + -189. What is the highest common factor of b and 126?
9
Suppose -199*t + 200*t - 20 = 0. Suppose 0*i + i = 5. What is the highest common divisor of t and i?
5
Let q = 552 - 547. Calculate the greatest common factor of q and 17.
1
Suppose -150 = 41*m - 44*m - 5*g, 2*g + 50 = m. What is the highest common factor of 2650 and m?
50
Let g = -129 + 194. What is the highest common factor of 10 and g?
5
Suppose 54*g - 1244 = 1024. Calculate the greatest common factor of g and 224.
14
Suppose 107*l + 320 = 123*l. What is the greatest common divisor of l and 56?
4
Let d be (-4)/10 - (-12)/5. Suppose 2*i = r - 1, 12*r + 5*i = 16*r - 10. What is the highest common divisor of r and d?
1
Let b = 68 + -20. Calculate the highest common factor of b and 1200.
48
Suppose -t + 20 = 4*x - 41, 5*t = -x + 1. Calculate the highest common factor of x and 592.
16
Suppose -12*s = -11*s - 663. Calculate the highest common divisor of s and 51.
51
Suppose -m = 4*p - 90, 3*m = 5*m - p - 135. Calculate the highest common divisor of m and 126.
14
Suppose 3*f + 2*f + 15 = 0, 3*f = -5*y + 646. What is the greatest common factor of y and 131?
131
Let u be 1 + 1 + 86 - 3. Let v(s) = 3*s**2 + 5*s + 6. Let d(z) = -2*z**2 + 2*z. Let t be d(2). Let b be v(t). Calculate the greatest common divisor of u and b.
17
Let l be -8*-2*(-1)/(-8). Suppose -l*r - 12 = -5*j - 3*r, -4*j = r - 10. What is the highest common factor of 10 and j?
2
Let v(l) = 5*l. Let p be v(6). Suppose -g = -3*c + 20 + 15, -8 = -c + 4*g. What is the highest common factor of c and p?
6
Let s(k) = k**3 - 8*k**2 - 12*k - 9. Let g be s(9). Let o = g - -72. Calculate the highest common factor of o and 18.
18
Let i be (6/15)/(-2 + (-363)/(-180)). Let u = i + -8. Calculate the greatest common divisor of u and 112.
16
Let y(i) = 2*i**3 + 10*i**2 - 20*i + 14. Let h be y(6). Calculate the greatest common divisor of 28 and h.
14
Suppose -240*a + 237*a + 78 = j, -4*a + 160 = 2*j. What is the greatest common factor of j and 525?
21
Let h = -351 + 421. What is the highest common divisor of h and 40?
10
Suppose -64*h - 3456 = -100*h. What is the greatest common factor of h and 204?
12
Let p(a) = 52*a**2 - 23*a + 8. Let x be p(2). What is the highest common divisor of 10 and x?
10
Let v be (4 - 0) + 5 - 1. Let j(g) = -g**3 + 8*g**2 + 3*g - 9. Let f be j(v). What is the highest common divisor of 120 and f?
15
Let l = 43 + -39. Let a be (5 - 14)*(-5 - -1). What is the highest common divisor of l and a?
4
Let y(f) = f**3 - 12*f**2 + 26. Let w be y(12). Calculate the highest common divisor of w and 3874.
26
Let a be -2*5/4 + (-4995)/(-18). Calculate the highest common factor of 22 and a.
11
Suppose 63*n + 20 = 67*n. Suppose 0 = n*r - i - 147, -4*r = 2*i + 3 - 129. Calculate the greatest common factor of 20 and r.
10
Suppose -2*s - 2*r = -24, -4*s - r + 26 = -13. What is the greatest common divisor of 9 and s?
9
Let n be ((-3952)/(-130) + -8)/((-4)/(-10)). Suppose -h + 31 - 3 = 0. What is the highest common factor of n and h?
28
Let b(s) = 218*s + 8. Let a be b(-6). Let h = -902 - a. Let j = h - 182. Calculate the greatest common divisor of j and 24.
24
Let h(p) = p + 3. Let n be h(0). Let c be (14 - -3)/(2/4). Suppose -n*r + s = -c, 4*s = -4*r + s + 54. What is the greatest common factor of 48 and r?
12
Suppose 0 = -4*i + r + 3031, -1533 = 3*i - 5*i - 3*r. What is the highest common factor of i and 11?
11
Suppose -30 + 28 = -x. Suppose x*a + 72 = 4*v - 26, -3*a + 9 = 0. Calculate the highest common factor of v and 117.
13
Let h = 63 + -36. Suppose 0*t - 3*t = -33. Let z be h/1*(12 - t). Calculate the highest common factor of z and 3.
3
Let y be 114/9 - (10/15 + 0). Calculate the highest common factor of 72 and y.
12
Suppose 3*h - 139 = 5*l, 3*h - 35 - 110 = -l. Calculate the greatest common factor of h and 24.
24
Let d = -174 + 180. What is the highest common divisor of d and 298?
2
Suppose -3*r + 0*d + 120 = 3*d, -123 = -3*r - 4*d. Let a = -32 + r. What is the highest common divisor of 5 and a?
5
Let h = 257 - 152. Let r = -24 - -21. Let o = r + 18. What is the highest common divisor of h and o?
15
Let v(x) = -x - 1. Let z be v(1). Let w be -1 + 6 + z + 27. Suppose -5*j + w = -55. Calculate the greatest common factor of 119 and j.
17
Suppose 2*l = 5*o - 275, -5*o + 205 + 95 = 3*l. What is the greatest common divisor of 304 and o?
19
Let f be (-24 - 4)*(-1 - 0). Calculate the highest common factor of 266 and f.
14
Let a = -12 + 10. Let l be -1 - a - 0/(-7). Let v be ((-14)/(-35))/(l/35). Calculate the highest common factor of 98 and v.
14
Suppose 5*j + 5*o = 1125, 4*j = o + 2*o + 879. Suppose b - 123 = -0*b + 5*z, -2*z - j = -2*b. Calculate the highest common divisor of b and 12.
12
Let z = -90 + 92. Let q be 10 - (z/4)/((-12)/(-24)). Suppose 2*b = -4*s + 156, 2*b - 5*s - 79 = 50. What is the highest common factor of q and b?
9
Let b be (-72)/(-33) - -2*2/(-22). Suppose -4*k = -5*j - 402, -k - k - b*j + 192 = 0. Calculate the greatest common divisor of k and 14.
14
Suppose -5*u + 23030 = 5*f, 3*f - 18*u - 13822 = -19*u. Calculate the greatest common divisor of 18 and f.
18
Let h(q) = 21*q + 188. Let m be h(-8). What is the highest common factor of m and 20?
20
Suppose -s + 5 = c, s + 5*c - 7 = 18. Suppose w = -2*t + 80, s = -7*t + 2*t + 2*w + 200. Calculate the highest common divisor of t and 10.
10
Let h = -83 - -51. Let t = h - -36. Calculate the highest common divisor of 20 and t.
4
Let k(x) = -x**2 + 9*x + 10. Let b be k(0). Let g = 7 + -2. Suppose 0*r + 48 = g*t + 2*r, 5*r + 55 = 5*t. What is the greatest common factor of t and b?
10
Suppose 0 = 2*h - 5*s - 29, -2*h + 2 = 4*s - 0. Let d(o) = -3*o**3 - 41*o**2 + 14*o + 14. Let z be d(-14). What is the highest common factor of z and h?
7
Let u be 4 - (-104 + 4) - (-1 + -3). Calculate the highest common divisor of 4 and u.
4
Let o be (-1 - -2)*3*1496/33. Let i(w) = -w**3 + 3*w**2 + 4*w - 4. Let z be i(3). What is the highest common divisor of o and z?
8
Suppose 0 = -3*d - 5*y - 6 + 7, -5 = d + 3*y. Suppose 99 = d*o - 6. What is the highest common factor of 6 and o?
3
Let d be 2*(-4 + 5)*(-6)/(-4). Suppose -4*k - 2*o + 136 = 0, 4*k + d*o = 125 + 9. What is the highest common factor of 14 and k?
7
Suppose -b = -3*b + 18. Let p(g) = g + 19. Suppose -2*m + 0*m - 26 = 0. Let j be p(m). Calculate the highest common divisor of b and j.
3
Suppose 5*g = 1 - 21, 2*g = 2*q + 32. Let u be 8/q + 17/5. Calculate the greatest common factor of 3 and u.
3
Let u = 343 - 331. What is the greatest common divisor of u and 14?
2
Let u(i) = 13*i - 3. Let r be u(3). Suppose -792 = 15*f - 21*f. Suppose -f = -6*k + 12. What is the highest common divisor of k and r?
12
Let l(p) = -p - 3. Suppose 0*k - 3*k - 21 = 0. Let y be l(k). Suppose -3*m + 0*m = 4*g - 59, y*m = g + 9. Calculate the greatest common factor of 110 and g.
11
Let h = -4 + 10. Suppose 3*x + 59 = -q, 4*x = h*q - 2*q + 156. Let s = -26 - q. Calculate the greatest common factor of s and 9.
9
Let g be -1 - -3 - -1*3. Let o = 50 + -47. Suppose 39 = x - o*k, k = g*k - 20. Calculate the highest common divisor of 18 and x.
18
Suppose -34*u - 12*u = -18722. Calculate the greatest common factor of u and 37.
37
Suppose -10 = -5*o - 70. Let l be 3/o - (-1202)/8. What is the greatest common divisor of 30 and l?
30
Suppose -71*h = -73*h + 6. Calculate the highest common factor of 219 and h.
3
Suppose 2*j = -3*d + 149, 12 = -0*d + 4*d. Let u(f) = 6*f - 2. Let h be u(2). What is the greatest common factor of h and j?
10
Let t(a) = a - 3. Let g be t(7). Let q(z) = z**3 + z**2 - z - 1. Let u be q(-1). Suppose 6 = 3*o - u. Calculate the greatest common divisor of o and g.
2
Let f(p) = p**2 + p - 4. Let l be f(0). Let a be ((-42)/l)/((-3)/(-4)). Let x be (28/8)/((-1)/(-32)). Calculate the highest commo